divided by 28.
25
Let t = 7 - -44. Calculate the remainder when 407 is divided by t.
50
Suppose s - 5*n = 6, 82 = 2*s - 0*n + 4*n. Let x = 53 - 36. What is the remainder when s is divided by x?
14
Let l be (1 - 1)*(2 + -3). Suppose -21 = -l*g - g. What is the remainder when g is divided by (120/(-140))/((-3)/(-21)*-1)?
3
Suppose -3*z + 2*x + 71 = 0, x - 24 + 19 = 0. Suppose -4*y - 5*m - 24 = -0*m, -m = -4*y. Calculate the remainder when z is divided by (0 - y)/(1/15).
12
Let t(d) = -5*d + 22. Calculate the remainder when 218 is divided by t(-3).
33
Suppose -3*b - 93 = -2*i + 256, 4*i - 3*b - 707 = 0. What is the remainder when i is divided by 15?
14
Suppose 2*k + 12 = -2*u - 0, -2*k = -u - 6. What is the remainder when 52 is divided by (1 - u)/(5 + -4) + 4?
8
Suppose 4*d - 2*y + y = 95, -4*d - 5*y = -101. What is the remainder when d is divided by (1 - 4) + 0 + 18?
9
What is the remainder when 531 is divided by 7/(49/35) - -102?
103
Suppose n - 17 = 3*y, -n = -3*n + 3*y + 22. Calculate the remainder when ((-19)/3)/(5/(-15)) + 0 is divided by n.
4
Let d(f) = 27*f. Let x(l) = -2*l + 1. Let k be x(0). Let z(m) = 2*m**2 + 6*m - 5. What is the remainder when d(k) is divided by z(-5)?
12
Let l(y) = -25*y + 288. What is the remainder when 24 is divided by l(11)?
11
Suppose y + 40 = 5*y. Let q be 3/(-2)*(-1288)/42. What is the remainder when 8/2 + (-4 - -1) + q is divided by y?
7
Let t(z) = -z**3 - 2*z**2 + 42*z + 9. What is the remainder when 103 is divided by t(-8)?
46
Suppose -6*x = -13*x - 686. Let f = x - -157. Calculate the remainder when f is divided by 6.
5
Suppose -2*b = -5*l + 325, 6*b - 72 = -l + 5*b. What is the remainder when l is divided by 52?
15
Let f be 2/(-5) + ((-560)/(-25) - 0). Let c = f - -11. Calculate the remainder when c is divided by 20.
13
Let f(r) = 2*r**2 - 2*r - 4. Suppose -3*s = -x + 5, 0 = -s + 5*x + 8 + 9. Calculate the remainder when 58 is divided by f(s).
18
Suppose j - 58 = -6. Suppose 5*x - j = 108. Let b(d) = -4*d**3 - d**2 + 3*d + 4. Calculate the remainder when b(-3) is divided by x.
30
Suppose 4*k = -5*j + 36, j - 6 = -k + 2. Calculate the remainder when 89 is divided by -60*(j/8)/(-1).
29
Suppose 39 = s + c - 0*c, 3*c = -5*s + 201. What is the remainder when 158 is divided by s?
32
Suppose -2*u + 3*r + 34 = 0, 0 - 6 = -u - 4*r. Let b = u - -23. Calculate the remainder when b is divided by 10.
7
Let p(s) = -27*s**2 + 93*s - 2. Suppose 4*t - 4*c = 32, -2*t + 3*c = -0*t - 11. Calculate the remainder when p(2) is divided by t.
11
Suppose -4*h = -0*h + 128. Let g = -12 - h. What is the remainder when 48 is divided by (g/16)/(1/20)?
23
Suppose 869 = 17*v + 53. What is the remainder when v is divided by 9?
3
Let p = -374 - -581. What is the remainder when p is divided by 15?
12
What is the remainder when 2*(660/8 - 0) is divided by 42?
39
Let r(h) = h**2 + 3*h - 7. Let b be r(-5). Suppose 0*m = b*m - 48. Suppose -6*u - 31*u + 142*u - 3255 = 0. What is the remainder when u is divided by m?
15
Suppose 9*l - 549 = -369. What is the remainder when 436 is divided by l?
16
Let l(r) = r**2 + 8*r - 35. Suppose -2*k - 5*o - 1 = -29, 0 = 3*o - 12. What is the remainder when l(-12) is divided by k?
1
Suppose -180 = 3*u - 7*u. Let l(c) = 12*c**2 - 4*c + 4. Calculate the remainder when u is divided by l(1).
9
Let r = 38 + -7. Suppose 97 = 6*u + 67. Suppose 26*b = u*b + 168. What is the remainder when r is divided by b?
7
Let k(t) = 128*t + 13. Calculate the remainder when k(1) is divided by 13.
11
Suppose 25 = 6*k - k + 5*q, 4*q - 20 = -3*k. Suppose 27 + 3 = 6*x. Suppose k = -x*u, -2*l + 4*u + 0*u = -4. What is the remainder when 3 is divided by l?
1
Let o = 145 - 142. Suppose -5 = -i, -2*j + 5*i = o - 2. What is the remainder when 47 + 1*-1*1 is divided by j?
10
Let f(p) = 82*p**2 - 26*p - 28. What is the remainder when f(-4) is divided by 116?
112
Calculate the remainder when (-1)/(6/(-48 + -6)) is divided by (6/(-9))/((-2)/9).
0
Let q(w) = 10*w - 1. Let z(f) = 2*f + 5*f**2 - f + 2 + 4. Calculate the remainder when z(3) is divided by q(2).
16
Suppose -v + 5*v = -2*z + 20, -5*z + 2 = -2*v. Suppose z*u + u - 36 = 0. Calculate the remainder when (-7)/2*352/(-56) is divided by u.
10
What is the remainder when 285/(-35) - -8 - 1644/(-42) is divided by (-3)/((5 - 2)/(-12))?
3
Suppose -25 = -r - 2*d, 0*r - 103 = -5*r + d. What is the remainder when 27 is divided by ((-40)/(-35))/(6/r)?
3
Let u(o) = o**3 + o + 2. Let j be u(0). Suppose -j*t - 3*c + 71 = -11, -c = 3*t - 130. Calculate the remainder when t is divided by 23.
21
Let i(u) = -97*u + 7 - 100*u + 193*u. Let v = -4 + 10. Calculate the remainder when i(-2) is divided by v.
3
Let t(l) = l. Let z(g) = -2*g + 3. Let w(r) = -3*t(r) - z(r). What is the remainder when 25 is divided by w(-10)?
4
Let p = -549 + 574. Calculate the remainder when 240 is divided by p.
15
Suppose 0*c - 3*w = c - 1536, -5*w - 7760 = -5*c. Calculate the remainder when c is divided by 62.
60
Suppose -4*w + 6 = -0*x - 2*x, -18 = -w - 5*x. Suppose 0 = -w*f - 4*z + 205, -6*f = -f + 4*z - 339. What is the remainder when f is divided by 35?
32
Let w be 2/((9/(-6))/(-3)) + -2. Calculate the remainder when (-6)/((-48)/52) + w/(-4) is divided by 5.
1
Let t(g) = -3*g - 2. Let x = -1811 + 1827. What is the remainder when x is divided by t(-4)?
6
What is the remainder when 54/12*188/6 is divided by 48?
45
Let x = -3 + 9. Suppose f - 25 = x*f. What is the remainder when 42 is divided by (f/2)/(1/(-6))?
12
Let c(w) = -w**3 - 3*w**2 + 5*w. Let i be c(-4). What is the remainder when (18/(-8))/((-3)/12) is divided by 1*((-40)/2)/i?
4
Suppose -17 = 3*y + 5*u, -y + 0*u = -2*u - 9. Calculate the remainder when y/(-1) + 21*4 is divided by (42/8)/((-2)/(-8)).
20
Suppose 42 = -32*u + 1482. Calculate the remainder when 264 is divided by u.
39
Let y(c) = c**2 - 20*c + 109. Suppose 2*q = 3*a - 6*a + 153, -3*q = 2*a - 217. What is the remainder when q is divided by y(11)?
9
Let i(y) = -y**3 + 4*y**2 + 14*y - 10. Calculate the remainder when 242 is divided by i(5).
32
Suppose -1 - 7 = -z. Let y = 2169 - 2143. What is the remainder when y is divided by ((-14)/z)/((-1)/4)?
5
Calculate the remainder when (8/32)/((-5)/(-1180)) is divided by 26.
7
What is the remainder when (-534)/(-9) - 70/(-42) is divided by 27?
7
Suppose 2*q - a = -0*q - 3, -5*a = 25. What is the remainder when (-10062)/(-286) + q/22 + 0 is divided by 12?
11
Let u(h) = h**3 - 3*h**2 - 6*h + 4. Let x = 44 - 43. Calculate the remainder when (x + 206)*(-1)/(-3) is divided by u(5).
21
Let h = 50 + 7. Calculate the remainder when 112 is divided by h.
55
Suppose 5*l + 936 = 23*l. Calculate the remainder when l is divided by ((-96)/(-40))/((-2)/(-15)).
16
Let g(h) = -h - 10. Let l be g(0). What is the remainder when 7 is divided by 1/(0 - 5/l)?
1
Suppose -m - 21 + 7 = 2*h, -5*h - 35 = 4*m. Let c = 34 - h. Calculate the remainder when c is divided by 15.
11
Suppose -4*s - 39 = -3*o, -2*o + 2*s = -2*s - 30. Calculate the remainder when 43 is divided by o.
7
Suppose 0 = 2*o + 2. Let f = -367 + 377. Calculate the remainder when 37*(1 - 0) - o is divided by f.
8
Suppose -4*h - 267 = -6*h - n, 3*n = -2*h + 273. Calculate the remainder when h is divided by 41.
9
Suppose 0 = 8*h - 13*h. Let x(u) = -3*u + 4 - 4 - 2 + h. Calculate the remainder when 10 is divided by x(-2).
2
Suppose 0*v = -p + 4*v + 54, p - 2*v - 50 = 0. Suppose -p = -6*t + 4*t. What is the remainder when 66 is divided by t?
20
Let o = -1918 + 1981. Calculate the remainder when 268 is divided by o.
16
Let f(l) = l**2 - 21*l - 92. Calculate the remainder when f(27) is divided by 25.
20
Suppose 5*r - 2*d - 53 = 0, 5*r - 70 + 10 = -5*d. Let l = 71 + 13. Let c = 116 - l. What is the remainder when c is divided by r?
10
Suppose -3*r + n + 43 = 10, 0 = -4*n. Calculate the remainder when 15 is divided by r.
4
Let k = -11 + 16. Suppose k*r - 283 = -8. What is the remainder when r is divided by 19?
17
Let a = 11 - 45. Let h = a - -25. Let f = 51 + h. Calculate the remainder when f is divided by 15.
12
Let a(o) = o**3 + 11*o**2 - 2*o. Let i = 37 - 48. What is the remainder when a(i) is divided by 8?
6
Let d(v) = 43*v - 281. What is the remainder when d(8) is divided by 53?
10
Let j = -1 - -4. Let s = 54 - 65. Let q(y) = -y**2 